{"id":57,"date":"2024-03-18T12:38:26","date_gmt":"2024-03-18T11:38:26","guid":{"rendered":"https:\/\/extranet.magnadian.com:8811\/cemede\/?page_id=57"},"modified":"2024-12-24T11:33:14","modified_gmt":"2024-12-24T10:33:14","slug":"sobre-nosotros-2","status":"publish","type":"page","link":"https:\/\/www.cemede.es\/?page_id=57","title":{"rendered":"Sobre nosotros"},"content":{"rendered":"\n<div class=\"wp-block-group alignfull has-accent-background-color has-background has-global-padding is-layout-constrained wp-container-core-group-is-layout-669513ed wp-block-group-is-layout-constrained\" style=\"margin-top:0;margin-bottom:0;padding-top:var(--wp--preset--spacing--50);padding-right:var(--wp--preset--spacing--50);padding-bottom:var(--wp--preset--spacing--50);padding-left:var(--wp--preset--spacing--50)\">\n<div class=\"wp-block-columns alignwide is-layout-flex wp-container-core-columns-is-layout-1da03c2a wp-block-columns-is-layout-flex\">\n<div class=\"wp-block-column is-vertically-aligned-stretch is-layout-flow wp-block-column-is-layout-flow\" style=\"flex-basis:50%\">\n<div class=\"wp-block-group is-vertical is-content-justification-stretch is-layout-flex wp-container-core-group-is-layout-444d5ee8 wp-block-group-is-layout-flex\" style=\"min-height:100%\">\n<p><p style=\"text-align: justify\">Disponemos de todo el equipamiento t\u00e9cnico, material y personal especializado para ayudar y atender tanto a deportistas profesionales como aficionados, a mejorar sus marcas y rendimiento, y a superar las lesiones y molestias derivadas de su actividad f\u00edsica.<\/p><\/p>\n\n\n\n<p><p style=\"text-align: justify\">CE.ME.DE. centro m\u00e9dico pionero en medicina deportiva en la Regi\u00f3n de Murcia. Dispone de un cuadro m\u00e9dico formado por especialistas en traumatolog\u00eda y cirug\u00eda ortop\u00e9dica, en medicina deportiva y apoyado por el equipo de fisioterapeutas. Lleva m\u00e1s de veinte a\u00f1os prestando servicio a atletas y deportistas de todos los niveles; futbolistas del primer equipo y de categor\u00edas inferiores; jugadores de f\u00fatbol sala del equipo de El Pozo Murcia, varias veces campeones de la Liga Espa\u00f1ola de F\u00fatbol Sala; del equipo de Voley-Murcia; atletas ol\u00edmpicos como Antonio Pe\u00f1alver, deportistas de todas las disciplinas: ciclistas profesionales, tenistas, fondistas etc. De reconocido prestigio a nivel internacional como el jinete Pedro S\u00e1nchez Alem\u00e1n, o Miguel Indurain entre otros, y por supuesto una gran cantidad de deportistas aficionados y amaters.<\/p><\/p>\n\n\n\n<p><p style=\"text-align:justify\">El Gerente de CE.ME.DE. S.L. D. Jos\u00e9 Antonio Bolar\u00edn S\u00e1nchez, es decano y pionero de la fisioterapia en Murcia, desarrollando su carrera profesional de m\u00e1s de 35 a\u00f1os en esta ciudad, es uno de los fisioterapeutas con mayor prestigio y experiencia, vinculado de forma espec\u00edfica al mundo del deporte, adem\u00e1s como Presidente del equipo de f\u00fatbol sala El Pozo Murcia.<\/p><\/p>\n<\/div>\n<\/div>\n\n\n\n<div class=\"wp-block-column is-vertically-aligned-center is-layout-flow wp-block-column-is-layout-flow\" style=\"flex-basis:50%\">\n<figure class=\"wp-block-image size-full is-style-rounded is-style-rounded--1\"><img loading=\"lazy\" decoding=\"async\" width=\"1500\" height=\"2000\" src=\"https:\/\/www.cemede.es\/wp-content\/uploads\/2024\/03\/centro_cemede-1.jpg\" alt=\"\" class=\"wp-image-31\" style=\"aspect-ratio:3\/4;object-fit:cover\"\/><\/figure>\n<\/div>\n<\/div>\n<\/div>\n","protected":false},"excerpt":{"rendered":"<p>Disponemos de todo el equipamiento t\u00e9cnico, material y personal especializado para ayudar y atender tanto a deportistas profesionales como aficionados, a mejorar sus marcas y rendimiento, y a superar las lesiones y molestias derivadas de su actividad f\u00edsica. CE.ME.DE. centro m\u00e9dico pionero en medicina deportiva en la Regi\u00f3n de Murcia. Dispone de un cuadro m\u00e9dico [&hellip;]<\/p>\n","protected":false},"author":1,"featured_media":0,"parent":0,"menu_order":0,"comment_status":"closed","ping_status":"closed","template":"","meta":{"footnotes":""},"class_list":["post-57","page","type-page","status-publish","hentry"],"_links":{"self":[{"href":"https:\/\/www.cemede.es\/index.php?rest_route=\/wp\/v2\/pages\/57","targetHints":{"allow":["GET"]}}],"collection":[{"href":"https:\/\/www.cemede.es\/index.php?rest_route=\/wp\/v2\/pages"}],"about":[{"href":"https:\/\/www.cemede.es\/index.php?rest_route=\/wp\/v2\/types\/page"}],"author":[{"embeddable":true,"href":"https:\/\/www.cemede.es\/index.php?rest_route=\/wp\/v2\/users\/1"}],"replies":[{"embeddable":true,"href":"https:\/\/www.cemede.es\/index.php?rest_route=%2Fwp%2Fv2%2Fcomments&post=57"}],"version-history":[{"count":2,"href":"https:\/\/www.cemede.es\/index.php?rest_route=\/wp\/v2\/pages\/57\/revisions"}],"predecessor-version":[{"id":124,"href":"https:\/\/www.cemede.es\/index.php?rest_route=\/wp\/v2\/pages\/57\/revisions\/124"}],"wp:attachment":[{"href":"https:\/\/www.cemede.es\/index.php?rest_route=%2Fwp%2Fv2%2Fmedia&parent=57"}],"curies":[{"name":"wp","href":"https:\/\/api.w.org\/{rel}","templated":true}]}}